334, -g = v - 67. What is the greatest common divisor of v and h?
6
Suppose 0 = 37*v - 39*v - 5*m - 6, -2*v + 5*m + 34 = 0. Suppose -2*b - 4*l + 204 = -9*l, -5*l = -4*b + 428. What is the greatest common factor of b and v?
7
Let u(b) = b**2 + b - 1. Let r(s) = s**3 - 12*s**2 - 4*s + 5. Let v(k) = -r(k) + 4*u(k). Let x be v(14). What is the greatest common factor of 55 and x?
55
Suppose 16*g - 23*g = -140. What is the highest common divisor of 30 and g?
10
Let l = 14 - 3. Let y = l - -9. What is the highest common divisor of 140 and y?
20
Let j = 12 - 20. Let y = j - -76. Suppose 1316 = 102*u - 418. Calculate the greatest common divisor of u and y.
17
Suppose -28*i + 25*i + b + 99 = 0, 55 = 2*i + 3*b. What is the highest common factor of 96 and i?
32
Suppose -4*w + 40 = -3*r, 4*r + 35 + 2 = 3*w. Let n be (-168)/(-36)*6/4. What is the greatest common divisor of n and w?
7
Let y = 43 - 8. Let r = -4579 + 4586. What is the greatest common factor of y and r?
7
Let z(s) = s**2 + s + 3. Let n be z(0). Suppose 5*c - 63 = b - 8, -33 = -n*c + 2*b. Let p = c + -6. Calculate the greatest common factor of p and 35.
5
Suppose -a = v - 17, -a + 4 = -2*v - 7. Suppose -3*j = -a*j + 252. What is the greatest common divisor of j and 147?
21
Suppose -4*a = a - 75. Let n = -341 - -225. Let j = n - -126. What is the greatest common factor of j and a?
5
Suppose -u = -3*z + u + 7, -8 = 4*u. Let l(n) = 0 + n + z + 3 - 2*n. Let h be l(-14). Calculate the greatest common factor of h and 12.
6
Let m(s) be the second derivative of s**4/12 + s**3/6 + 6*s. Let r be m(0). Suppose r = -2*w + 3 + 5. What is the greatest common factor of 6 and w?
2
Suppose 19*r - 494 = 6*r. What is the greatest common factor of r and 57?
19
Suppose z - 1 = -7. Let o(v) = -v**3 - 6*v**2 - 5*v + 3. Let n be o(z). Calculate the highest common factor of 11 and n.
11
Suppose -687 = 5*b - 87. Let w = -81 - b. Calculate the highest common factor of 52 and w.
13
Let d be ((-4)/8)/((-2)/(-4)). Let l be (d - -2)*1 - 3. Let w be (7/l - -3)*-22. What is the highest common divisor of w and 33?
11
Let o(y) = 2*y**2 - 21*y - 8. Let n be o(11). Suppose n*r + 7 = 67. What is the greatest common divisor of 220 and r?
20
Let h = 89 - 9. Suppose 2*t - 6*t = -12. Suppose 4*g = t*j + 64, -2*j - 42 = -2*g - 10. Calculate the greatest common factor of g and h.
16
Let j(h) = -3*h**3 - 3*h**2 + 16*h + 68. Let a be j(-4). What is the highest common divisor of 518 and a?
74
Let d(b) = 24*b - 1. Let m = -131 + 132. Let i be d(m). What is the highest common factor of i and 23?
23
Suppose 0 = -105*l + 112*l - 98. Suppose 0 = -3*k + 3. Suppose -h + 17 = 2*m, k = 2*h - 5. What is the greatest common factor of l and m?
7
Suppose -4*r + 4 = z, z + 20 = 6*z. Suppose r = 8*a - 191 - 233. Calculate the highest common factor of a and 371.
53
Suppose 54*b + 1848 = 76*b. Let j(d) = 3*d**3 - 4*d**2 + 2*d. Let s be j(2). Calculate the highest common factor of s and b.
12
Let x = 30 + -25. Suppose 4*m - x*t - 61 = m, -5*m = -5*t - 85. Let c = -133 - -229. Calculate the greatest common divisor of c and m.
12
Suppose 59 + 53 = 4*h. Let w(u) = 17*u**2 - 5*u + 2. Let p be w(3). What is the highest common factor of h and p?
28
Let s be 840/45*9*10/24. Let b(f) = 10*f**2. Let m be b(-1). What is the greatest common factor of m and s?
10
Suppose -4*n = -5*v + 4, 2*v + 5*n = 4*v - 5. Suppose v = 3*r - 6. Suppose -r + 7 = i. What is the highest common divisor of i and 5?
5
Let u(s) be the first derivative of -s**3/3 - 15*s**2/2 - 14*s - 18. Let c be u(-13). What is the greatest common divisor of 18 and c?
6
Suppose t - 5 = 9. Let m = 24 - t. Let g be (-2)/(-1 - m/(-12)). What is the greatest common divisor of g and 12?
12
Let t = -20 + 5. Let f = 6 + t. Let i be (12/f)/(8/(-12)). Calculate the greatest common divisor of i and 14.
2
Suppose -2*j = -u - 4*u + 351, -4*j = u + 757. Let r = 323 + j. What is the greatest common factor of r and 15?
15
Suppose -5*r = -2*r + 93. Let u = -25 - r. Let d(g) = 5*g**2 + 3. Let i be d(-3). What is the highest common divisor of i and u?
6
Suppose -35 + 6 = -4*c + 5*l, 4*c - 50 = -2*l. Let g(r) = r**2 + r + 20. Let m be g(c). Calculate the greatest common factor of m and 19.
19
Suppose 17*x = 55*x - 1520. What is the highest common factor of 12 and x?
4
Let t(o) = -o**3 - 9*o**2 - 7*o - 9. Let i(p) = 9*p**3 + p**2 + 2*p + 1. Let m be i(-1). Let f be t(m). What is the greatest common factor of 18 and f?
18
Let d(i) = 2*i**2 + 23*i + 30. Let f be d(-13). What is the greatest common factor of 92 and f?
23
Let p = -18 + -48. Suppose -3*k + 185 = 4*z, -4*z - 95 = 4*k - 283. Let d = z - p. What is the highest common divisor of d and 10?
10
Let y(c) = c**2 - 4*c - 186. Let h be y(-12). Calculate the greatest common divisor of h and 66.
6
Suppose 15*x = -7*x + 1100. Let i = 2 + 0. Suppose m - s - 6 = -0*m, -2*m + 28 = i*s. What is the greatest common divisor of x and m?
10
Let t(j) be the third derivative of 55*j**4/24 + 5*j**3/2 - 25*j**2. Let s be t(3). Calculate the highest common factor of 20 and s.
20
Suppose 1047 = 12*r - 249. What is the highest common divisor of 4 and r?
4
Let x = -20 - -25. Suppose -4*a + 5*a - 11 = -x*b, a + 4*b - 14 = 0. Calculate the highest common divisor of 13 and a.
13
Suppose 39 = -2*j + 3*j. Suppose -f + 62 = -2*b, b - f + 0*f = -33. Let v = 55 + b. What is the highest common divisor of j and v?
13
Suppose 4*r = 2*g - 548, -1108 = -4*g + 2*r + 2*r. Suppose -q + 198 = 5*a, q = 5*q + 8. Calculate the highest common factor of g and a.
40
Let o(j) = -j**3 - 10*j**2 + 77*j + 29. Let q be o(-16). What is the highest common divisor of 27 and q?
9
Suppose 0 = -4*b + 4*o, -o - 4 + 22 = 5*b. Calculate the highest common factor of 96 and b.
3
Let j be 3/(-2)*(-98)/21. Let l(z) = 6*z**2 - 18*z - 4. Let o be l(5). Calculate the highest common factor of j and o.
7
Let o(g) = -g**2 - 24*g + 64. Let x be o(0). Calculate the greatest common divisor of 304 and x.
16
Suppose 7 = 2*r - 1. Suppose r*q - 41 = -17. Calculate the greatest common divisor of 9 and q.
3
Let q = -2721 + 4871. Calculate the highest common divisor of q and 86.
86
Let x = 1552 + -1348. What is the greatest common divisor of x and 48?
12
Let l = 173 - 149. What is the greatest common factor of 8 and l?
8
Suppose v - 3*h - 17 = 0, 25 = 4*v - 2*h - 13. Let a = v + -5. What is the highest common factor of a and 3?
3
Let l(j) = -j**3 + 36*j**2 + 3*j - 25. Let c be l(36). What is the greatest common factor of 83 and c?
83
Let s(f) = -f**3 - 24*f**2 + 51*f + 34. Let l be s(-26). What is the highest common divisor of l and 15?
15
Let a(j) = j**3 - 15*j**2 + 15*j - 2. Let q be a(14). Suppose -103 = -16*n + 25. What is the highest common factor of n and q?
4
Let a(d) = 3*d - 1 - 3 + 5 + 3. Let r be a(6). Calculate the highest common divisor of r and 44.
22
Let a = 126 + -123. Let h be 30 + 6*(-5)/10. Calculate the greatest common divisor of h and a.
3
Let j = -4101 + 4137. Let x(w) = 5*w + 3. Let l be x(3). What is the highest common divisor of j and l?
18
Suppose 0 = 2*x - c + 6, 2*c - 9 + 37 = -4*x. Let q(o) = o**3 + 7*o**2 + 6*o + 16. Let w be q(x). What is the greatest common divisor of 396 and w?
36
Let x be 104 + (0/8 - 5). What is the highest common divisor of 45 and x?
9
Let w(s) = s**3 - 3*s**2 - 2*s + 2. Let a be w(4). Suppose -15*u + 70 = -a*u. What is the greatest common divisor of 56 and u?
14
Let u = 693 + -433. Suppose -5*n + 65 = 2*r, r + 4*n + 60 = 5*r. What is the highest common divisor of r and u?
20
Let p = -356 - -526. Calculate the highest common factor of p and 68.
34
Suppose -f = 5*b - 35, -5*b = -6*b. Suppose 0 = -2*k + 3*k - 280. Calculate the greatest common factor of f and k.
35
Let r(d) = d**2 + 7*d + 2. Let t be r(-12). Suppose 3*o - u + 3*u - t = 0, -5*o + 3*u = -135. Calculate the greatest common factor of 72 and o.
24
Suppose 2*x - 10 = 4. Suppose -25 = -0*d - 5*d. Suppose -273 = -d*o - 63. Calculate the greatest common divisor of x and o.
7
Let b = 82 - 80. Suppose -b*v + 259 = 61. Calculate the greatest common divisor of 9 and v.
9
Let f be (-10 + 11)/((-1)/(-5)). Suppose -6*u = -f*u - 16. Calculate the greatest common factor of u and 24.
8
Let i = -346 + 426. Calculate the highest common divisor of i and